t common divisor of x and 14.
2
Suppose -3*p - v - 66 = 0, -p - 3*v = -2*p - 22. Let a = -11 - p. Let f be 80/12*(-99)/(-6). What is the greatest common divisor of f and a?
11
Suppose -12 + 45 = m. Suppose 25*t - 2*t - 759 = 0. What is the highest common factor of t and m?
33
Suppose -1130 + 3119 = 9*o. Let a = o + -86. Let b = -45 - -99. Calculate the greatest common divisor of a and b.
27
Suppose -2*f - 2*x = -7*x - 27, 0 = 4*f + 5*x - 69. What is the greatest common divisor of 10 and f?
2
Let n = 42 + -17. Suppose -3*i + n = 2*l - 0*l, 5*l - 2*i = 110. What is the highest common divisor of 30 and l?
10
Suppose -31*o + 15*o + 1008 = 0. Calculate the greatest common divisor of o and 171.
9
Let f be (-60)/(-6) + 5 + (-2)/1. Suppose -2*u - 4*n = -6*n - 602, 2*n + 4 = 0. Calculate the greatest common factor of u and f.
13
Let w = 4725 + -4719. Let a = -18 + 31. Let z = a - 7. What is the highest common factor of z and w?
6
Let a be 219/10 - (-133)/1330. Let i be (17 - -5)*(0 + 1). Calculate the greatest common factor of a and i.
22
Let l(n) = -n**2 + 9*n - 13. Let m be l(6). Suppose 0 = -m*s + 4*f + 316, -7*f + 195 = 3*s - 4*f. Calculate the greatest common divisor of s and 48.
16
Let n = 25 + -22. Suppose -5*b - 3*t = -8 - 33, -27 = -n*b - t. What is the greatest common divisor of 5 and b?
5
Let q(f) = f**3 + 5*f**2 - 4*f - 4. Let x be q(-5). Suppose -16 - x = -8*t. Calculate the highest common factor of 8 and t.
4
Let c = 258 + -250. What is the greatest common divisor of 4 and c?
4
Suppose 14 = 4*t - 6. Suppose -t*o + w = -12, -5*w + 15 = 3*o - 9. Let v be 2/(-2) - (-1 - o). What is the highest common divisor of 6 and v?
3
Suppose -74*u + 69930 = -0*u. What is the highest common divisor of u and 70?
35
Suppose -48*t - 991 = -3535. Calculate the highest common factor of t and 1219.
53
Let g = 2028 - -1620. Calculate the highest common divisor of 32 and g.
32
Suppose -29*n - 38*n + 16281 = 0. Calculate the greatest common divisor of 108 and n.
27
Let h = -18 + 23. Suppose h*s + 4*x - x - 18 = 0, s = -3*x - 6. Suppose 0 = c + 1 - 5. What is the highest common factor of s and c?
2
Suppose -2*l - 5*a + 45 = -6*a, 110 = 5*l - 3*a. What is the highest common factor of l and 225?
25
Let v be 4 + (-54)/6 + 85. What is the highest common divisor of v and 200?
40
Suppose -67*z + 53*z = -1694. Suppose -p = 4*p - 70. Suppose p = 2*q + 2*j, -2*j - 16 = -2*q + 14. Calculate the greatest common factor of q and z.
11
Suppose 4*n = 95 + 113. Let s(y) = 2*y - 5. Suppose -4*k - 4*m = -16, 0*m = -2*k - m + 13. Let d be s(k). Calculate the greatest common factor of n and d.
13
Let o be -1*(9 + (-376 - -9)). What is the greatest common factor of 2 and o?
2
Let v = -139 + 223. What is the highest common factor of v and 7?
7
Let f(n) = -n**2 - 12*n - 6. Let z be (90/54)/((-2)/12). Let v be f(z). Calculate the highest common factor of 56 and v.
14
Suppose -2*v + v + 3 = 0. Suppose 2*q - 4*q - 4 = 0. Let j be 35 - (4 - (0 - q)). Calculate the greatest common divisor of v and j.
3
Let k be (-80)/64 + (-1)/(-4). Let n be (-1 + k)*(-1155)/14. Calculate the highest common factor of n and 15.
15
Let m(y) = -y**3 - 9*y**2 - 3*y + 13. Let v be (-2 + -1*10)*1. Let x be m(v). Let r = x + -328. What is the greatest common divisor of 17 and r?
17
Suppose 0 = 3*p - 5 - 10. Suppose -3*l - 88 = p. Let x = -16 - l. Calculate the greatest common divisor of 15 and x.
15
Let k be (3/(-2))/((-9)/12). Suppose -2*t + 6 = -t - k*q, 5*q = -5*t + 90. Let r = -415 - -485. What is the highest common divisor of t and r?
14
Let p be (-6)/(-10) + 2832/80. What is the highest common divisor of 117 and p?
9
Let i be (-2*127 - -1)*(-24 - -23). What is the highest common factor of 23 and i?
23
Let h(j) = -2*j + 5. Let d be h(-8). Suppose 5*s - 4*q + 0*q - 513 = 0, q - 3 = 0. What is the greatest common divisor of d and s?
21
Let r(k) = 2*k**2 + 22*k + 61. Let c be r(-9). Suppose 0 = 5*h + 5*l - 635, -2*l + 7*l = 5*h - 615. What is the greatest common divisor of h and c?
25
Let c(g) = 2*g + 58. Let h(n) = -3*n - 88. Let w(b) = 8*c(b) + 5*h(b). Let z = 3 - 11. Let y be w(z). Calculate the greatest common divisor of y and 16.
16
Let h(i) = -2*i + 25. Let q be h(8). Suppose -r - 192 = -q*r. Calculate the highest common divisor of r and 120.
24
Let d(n) be the third derivative of n**6/60 - 13*n**5/30 - n**4/24 + 5*n**3/2 - 45*n**2. Let a be d(13). Calculate the greatest common divisor of a and 1.
1
Suppose -4*h + 3*n + 3303 = 0, 4 = -2*n + 2. Calculate the greatest common divisor of h and 33.
33
Let c be (-20)/(-2 + -1 + 1). Suppose i - 7 = c. Calculate the greatest common factor of 119 and i.
17
Suppose 18*c = 6254 + 9298. Calculate the highest common factor of c and 81.
27
Let w = 472 - 310. Let n be (1 - 2)/(6/w). Let i be (-248)/(-18) - 6/n. Calculate the greatest common divisor of 14 and i.
14
Let p(h) = -h**2 + 24*h - 60. Let q be p(18). Calculate the highest common factor of q and 96.
48
Let a(h) = -8*h**3 + 2*h. Let g be a(-2). Let q(s) = -s**3 + 15*s**2 + 15*s + 28. Let c be q(16). Calculate the greatest common divisor of c and g.
12
Let g be (-3 - -1)*(2 - 3). Suppose 24 = 2*y - 4*j - g, -10 = 5*j. Let k = -68 - -113. Calculate the greatest common factor of y and k.
9
Suppose -8 + 42 = y - v, 0 = 5*y + 2*v - 184. Let f(c) = -c + 36. Let r be f(0). Let w be 1/(-2)*-1*r. What is the highest common factor of w and y?
18
Let m = 72 + -32. Let q = -37 + m. Calculate the greatest common divisor of 51 and q.
3
Suppose -3*n = -419 - 283. Suppose -4*i - 74 = -n. Calculate the highest common factor of 8 and i.
8
Let l be 8*(-9 - 550/(-20)). Calculate the highest common divisor of l and 37.
37
Let m = 2012 + -1233. Let b be m/11 - 22/(-121). Suppose r - 4*r - 2*j + b = 0, 4*r + 4*j = 100. What is the greatest common divisor of r and 63?
21
Let j(h) = -h**3 - 8*h**2 - 12*h - 13. Suppose -s = 2*s + 21. Let m be j(s). Let a be 43 - -1*1/1. What is the highest common divisor of m and a?
22
Let q be (-64)/(-14) - 18/(-42). Let n be (-2)/(-5) + 123/q. Let c be -2 - (-1 - 9 - 2). What is the highest common factor of n and c?
5
Suppose -f + 2*o + 13 = 7, -4*f = 4*o - 36. Suppose 4*z - 4*p - 229 = -3*p, 5*z - 300 = 4*p. What is the highest common divisor of z and f?
8
Let t = 4588 - 1688. Calculate the greatest common factor of 20 and t.
20
Let b = -141 - -239. Let m = -74 + b. What is the highest common factor of 60 and m?
12
Let p be (-116 + 115)*(-28 - (-1)/1). Suppose 4*c = 8*c - 72. Calculate the greatest common factor of p and c.
9
Let i(p) = p**2 + 4. Let b be i(4). Suppose b = 5*z - 4*z. What is the highest common factor of 4 and z?
4
Let a = 5081 + -4949. Let p = 6 + -14. Let m be 2/(-8) + (-98)/p. Calculate the greatest common factor of m and a.
12
Let x = -4 - -9. Suppose -r = -0 + x. Let m(v) = 3*v**2 - 7*v. Let u be m(r). What is the greatest common factor of u and 10?
10
Suppose -g - 600 = -11*g. Suppose -5*q + 4 = -16. Suppose 0*d - q*d + g = 0. Calculate the greatest common divisor of d and 135.
15
Let t = 82 + -69. Suppose -8*x = -t*x + 15. Calculate the highest common factor of 69 and x.
3
Suppose 74 = -5*m + 439. Let k(a) = 2*a**3 - a**2 + 3*a + 1. Let j be k(4). Let d = j - m. Calculate the greatest common factor of 13 and d.
13
Suppose -2*h - 3*w = -267, 0 = 3*h + 5*w - 22 - 379. Suppose 8 = y - 4. Calculate the greatest common factor of y and h.
12
Let j be 11/(165/250)*12/10. Let u = 3 - -3. Suppose 0 = -u*k + k + j. What is the greatest common factor of 44 and k?
4
Let w = 54 - 102. Let z be ((-3)/(-2))/(w/(-32)). Suppose 2*h - 5*h + 12 = 0. Calculate the highest common divisor of z and h.
1
Let c(k) = -3*k**2 - 11*k - 8. Let d be c(-3). Let v(s) = 10*s**2 + s - 5. Let r be v(d). What is the greatest common divisor of r and 3?
3
Let s be ((-135)/18)/((-1)/(-6)). Let x = -17 - s. What is the greatest common factor of x and 42?
14
Suppose 2*j - 15 = 21. Let f(b) = b. Let u be f(3). Let d = u - -3. What is the highest common factor of j and d?
6
Let y(s) = -s + 18. Let k be y(13). Suppose k*w - 3*w - 32 = 0. Calculate the greatest common factor of w and 16.
16
Suppose 4*g + 26 = 2*h, 3*g - 7 = h + 6*g. Suppose 4*z - 30 = h*d + 5, -2*z = -3*d - 15. What is the highest common factor of 10 and